
-11
252 (base 7) to base 9
160
1014 (base 5) to base 3
11222
Convert -170 (base 10) to base 11.
-145
-2 (base 16) to base 12
-2
33 (base 10) to base 14
25
Convert -4 (base 8) to base 11.
-4
Convert -2 (base 8) to base 10.
-2
What is -1 (base 8) in base 4?
-1
What is 18 (base 15) in base 7?
32
Convert -10212 (base 4) to base 10.
-294
-35 (base 15) to base 12
-42
33 (base 11) to base 5
121
What is 14 (base 13) in base 16?
11
What is -40 (base 8) in base 5?
-112
-7 (base 9) to base 13
-7
What is 7 (base 13) in base 5?
12
Convert -67 (base 10) to base 11.
-61
Convert -1100011 (base 2) to base 13.
-78
What is -16 (base 11) in base 16?
-11
What is -39 (base 16) in base 5?
-212
Convert 16 (base 7) to base 13.
10
What is 27 (base 12) in base 7?
43
101 (base 4) to base 11
16
What is 9a (base 11) in base 12?
91
Convert 10 (base 3) to base 12.
3
What is -1 (base 13) in base 8?
-1
Convert -14 (base 12) to base 16.
-10
What is 7 (base 16) in base 13?
7
2 (base 6) to base 7
2
What is -5 (base 6) in base 4?
-11
What is 23 (base 10) in base 8?
27
What is 1110100 (base 2) in base 4?
1310
Convert 10101000 (base 2) to base 10.
168
Convert c (base 16) to base 7.
15
Convert 82 (base 15) to base 8.
172
What is -a (base 14) in base 9?
-11
Convert -15 (base 6) to base 16.
-b
Convert 1 (base 16) to base 3.
1
What is -2 (base 4) in base 3?
-2
Convert -3 (base 12) to base 16.
-3
Convert -78 (base 9) to base 8.
-107
-1212 (base 5) to base 4
-2312
Convert 16 (base 16) to base 9.
24
What is -110 (base 4) in base 3?
-202
Convert -22 (base 3) to base 16.
-8
What is -1100110 (base 2) in base 4?
-1212
What is 443 (base 5) in base 2?
1111011
100011001 (base 2) to base 3
101102
What is -32 (base 6) in base 2?
-10100
-113 (base 8) to base 2
-1001011
What is 2 (base 13) in base 14?
2
What is 2 (base 4) in base 6?
2
What is -4 (base 11) in base 3?
-11
Convert -1 (base 13) to base 2.
-1
3 (base 4) to base 9
3
Convert -156 (base 13) to base 3.
-22220
1 (base 16) to base 11
1
0 (base 11) to base 16
0
Convert 6 (base 9) to base 14.
6
Convert -10 (base 9) to base 5.
-14
What is 1333 (base 5) in base 2?
11011010
2 (base 14) to base 7
2
-13 (base 5) to base 11
-8
What is 10 (base 3) in base 12?
3
What is 16 (base 13) in base 2?
10011
What is -18 (base 15) in base 9?
-25
What is -165 (base 10) in base 14?
-bb
6 (base 14) to base 13
6
366 (base 7) to base 10
195
-33 (base 7) to base 8
-30
What is 3021 (base 4) in base 13?
126
What is -101 (base 7) in base 12?
-42
Convert -90 (base 11) to base 12.
-83
Convert -40 (base 11) to base 15.
-2e
What is -5 (base 14) in base 2?
-101
Convert 110 (base 2) to base 16.
6
-11 (base 8) to base 10
-9
Convert 0 (base 16) to base 13.
0
3 (base 11) to base 13
3
Convert -1111000 (base 2) to base 6.
-320
What is -3310 (base 4) in base 9?
-301
34 (base 16) to base 11
48
2 (base 6) to base 2
10
1a1 (base 11) to base 3
22121
What is 2 (base 10) in base 6?
2
Convert -42 (base 7) to base 4.
-132
What is -7f (base 16) in base 13?
-9a
Convert 100101010 (base 2) to base 6.
1214
Convert -5 (base 16) to base 7.
-5
What is -12 (base 10) in base 5?
-22
2 (base 15) to base 7
2
Convert -4 (base 15) to base 2.
-100
Convert -2 (base 5) to base 9.
-2
-a4 (base 13) to base 11
-112
Convert 210 (base 3) to base 5.
41
What is -1a7 (base 11) in base 13?
-154
Convert 49 (base 12) to base 9.
63
Convert 11100 (base 4) to base 11.
286
What is -2 (base 9) in base 6?
-2
25 (base 11) to base 8
33
170 (base 8) to base 10
120
-111 (base 2) to base 4
-13
What is 16 (base 7) in base 14?
d
What is 1 (base 6) in base 13?
1
Convert -d (base 15) to base 8.
-15
-10 (base 4) to base 9
-4
Convert -22 (base 10) to base 6.
-34
What is -2 (base 13) in base 11?
-2
2a (base 12) to base 6
54
Convert 11011110 (base 2) to base 13.
141
b (base 14) to base 2
1011
-1c (base 13) to base 10
-25
What is -230 (base 8) in base 5?
-1102
Convert -62 (base 9) to base 10.
-56
5 (base 12) to base 15
5
What is 1201 (base 5) in base 3?
20112
What is -1 (base 4) in base 14?
-1
-19 (base 10) to base 14
-15
-1054 (base 6) to base 2
-11111010
What is 20 (base 5) in base 11?
a
What is 11 (base 14) in base 5?
30
67 (base 16) to base 5
403
-2 (base 12) to base 8
-2
Convert 1 (base 12) to base 14.
1
10 (base 10) to base 2
1010
-1121 (base 3) to base 12
-37
Convert 61 (base 8) to base 4.
301
What is -51 (base 10) in base 9?
-56
-1 (base 13) to base 7
-1
-5 (base 8) to base 6
-5
Convert 71 (base 14) to base 11.
90
What is -11 (base 4) in base 9?
-5
What is 12 (base 13) in base 16?
f
-25 (base 10) to base 13
-1c
4 (base 5) to base 15
4
Convert 3 (base 4) to base 8.
3
-1 (base 3) to base 7
-1
What is -3 (base 4) in base 16?
-3
What is -1 (base 12) in base 10?
-1
What is 11 (base 3) in base 8?
4
1233 (base 4) to base 11
a1
What is 32 (base 11) in base 12?
2b
Convert -3 (base 13) to base 14.
-3
Convert -50 (base 10) to base 16.
-32
What is 451 (base 7) in base 4?
3220
140 (base 5) to base 10
45
Convert -36 (base 14) to base 3.
-1210
-33 (base 11) to base 14
-28
What is -231 (base 5) in base 2?
-1000010
What is 32 (base 13) in base 10?
41
4 (base 16) to base 15
4
What is -21 (base 5) in base 13?
-b
Convert -11 (base 4) to base 5.
-10
What is -434 (base 5) in base 2?
-1110111
Convert -1 (base 13) to base 10.
-1
Convert 101 (base 3) to base 6.
14
Convert 23 (base 6) to base 11.
14
What is -2a (base 13) in base 2?
-100100
Convert -102 (base 3) to base 15.
-b
-3 (base 15) to base 13
-3
Convert 32 (base 5) to base 15.
12
-232 (base 6) to base 15
-62
What is -16 (base 7) in base 11?
-12
Convert 101 (base 2) to base 15.
5
-5 (base 13) to base 5
-10
Convert -10 (base 4) to base 2.
-100
22 (base 12) to base 6
42
What is -11 (base 12) in base 15?
-d
Convert 38 (base 9) to base 5.
120
-1001 (base 3) to base 15
-1d
Convert -1 (base 16) to base 10.
-1
What is -5 (base 11) in base 12?
-5
Convert -12 (base 4) to base 7.
-6
-1 (base 7) to base 4
-1
-220 (base 3) to base 14
-1a
11 (base 2) to base 10
3
-31 (base 4) to base 12
-11
-103 (base 4) to base 6
-31
20a (base 12) to base 11
251
1 (base 15) to base 12
1
-e (base 15) to base 12
-12
What is 85 (base 9) in base 3?
2212
113 (base 7) to base 14
43
10111 (base 2) to base 16
17
-3 (base 6) to base 7
-3
Convert -4 (base 15) to base 14.
-4
What is -102 (base 3) in base 7?
-14
-202 (base 7) to base 12
-84
Convert 3 (base 12) to base 15.
3
-16 (base 12) to base 8
-22
-1 (base 3) to base 6
-1
What is a0 (base 12) in base 4?
1320
Convert b5 (base 15) to base 14.
c2
What is -11 (base 2) in base 4?
-3
What is 10122 (base 4) in base 13?
189
What is 3 (base 5) in base 16?
3
Convert 1 (base 3) to base 11.
1
Convert -2 (base 10) to base 3.
-2
Convert 23 (base 14) to base 12.
27
0 (base 13) to base 11
0
What is 147 (base 15) in base 4?
10210
What is -10 (base 7) in base 4?
-13
-84 (base 15) to base 10
-124
What is -4 (base 10) in base 4?
-10
What is -25 (base 10) in base 4?
-121
What is -4 (base 5) in base 7?
-4
Convert 25 (base 7) to base 10.
19
What is -415 (base 6) in base 11?
-131
-15 (base 13) to base 16
-12
-11b (base 12) to base 9
-205
-3 (base 7) to base 4
-3
What is 59 (base 12) in base 9?
76
What is 1 (base 5) in base 8?
1
-13 (base 12) to base 4
-33
What is 15 (base 16) in base 8?
25
Convert 13 (base 7) to base 10.
10
Convert -6 (base 13) to base 8.
-6
What is -102 (base 6) in base 9?
-42
-24 (base 5) to base 9
-15
Convert 40 (base 11) to base 14.
32
What is -7 (base 15) in base 16?
-7
Convert 12 (base 6) to base 12.
8
What is -3 (base 5) in base 7?
-3
43 (base 14) to base 11
54
What is -30 (base 14) in base 13?
-33
-2103 (base 4) to base 8
-223
Convert -103 (base 4) to base 3.
-201
73 (base 15) to base 9
130
What is -19 (base 12) in base 5?
-41
49 (base 16) to base 10
73
-32 (base 4) to base 13
-11
Convert -7 (base 16) to base 11.
-7
-4 (base 6) to base 7
-4
What is -20020 (base 3) in base 5?
-1133
What is -9 (base 15) in base 12?
-9
What is 105 (base 8) in base 13?
54
-4 (base 7) to base 14
-4
What is -12 (base 11) in base 16?
-d
What is 1a (base 15) in base 14?
1b
Convert -20 (base 3) to base 2.
-110
10 (base 3) to base 14
3
What is 3 (base 10) in base 6?
3
What is 1 (base 14) in base 8?
1
-20 (base 6) to base 13
-c
What is -37 (base 10) in base 5?
-122
What is -168 (base 15) in base 4?
-11003
Wha